 highest common divisor of 272 and 13396?
68
What is the highest common divisor of 82208 and 32?
32
What is the greatest common divisor of 3774 and 255?
51
Calculate the highest common divisor of 407 and 37.
37
Calculate the greatest common factor of 215 and 4687.
43
What is the greatest common divisor of 35 and 6895?
35
Calculate the highest common factor of 38 and 760.
38
What is the highest common factor of 59 and 8083?
59
What is the greatest common divisor of 144 and 640?
16
Calculate the greatest common divisor of 4161 and 741.
57
Calculate the highest common divisor of 775 and 11005.
155
What is the greatest common divisor of 14385 and 105?
105
What is the greatest common factor of 530 and 410?
10
Calculate the highest common factor of 8244 and 48.
12
Calculate the highest common factor of 1276 and 290.
58
Calculate the greatest common divisor of 36 and 324.
36
Calculate the highest common factor of 10 and 14400.
10
What is the greatest common divisor of 33 and 2013?
33
What is the highest common factor of 375 and 575?
25
Calculate the highest common divisor of 2 and 46.
2
What is the greatest common factor of 18157 and 402?
67
Calculate the highest common factor of 1 and 23.
1
Calculate the greatest common factor of 1248 and 114.
6
Calculate the greatest common divisor of 9 and 1317.
3
What is the highest common divisor of 46 and 414?
46
What is the greatest common divisor of 2 and 126?
2
What is the highest common divisor of 10 and 55?
5
Calculate the highest common factor of 51 and 221.
17
Calculate the greatest common factor of 22967 and 357.
119
What is the greatest common divisor of 306 and 17?
17
Calculate the greatest common divisor of 15 and 1185.
15
What is the highest common factor of 52 and 208?
52
What is the highest common divisor of 21 and 3108?
21
What is the greatest common factor of 360 and 1710?
90
What is the highest common factor of 1469 and 113?
113
Calculate the highest common factor of 950 and 1330.
190
What is the highest common factor of 92 and 161?
23
Calculate the highest common divisor of 198 and 9.
9
Calculate the greatest common divisor of 10 and 35.
5
Calculate the highest common factor of 15390 and 9.
9
What is the greatest common factor of 268 and 43550?
134
What is the highest common divisor of 12 and 162?
6
What is the greatest common factor of 3729 and 33?
33
Calculate the greatest common divisor of 512 and 24.
8
What is the greatest common divisor of 306 and 1122?
102
Calculate the greatest common divisor of 510 and 60.
30
What is the greatest common divisor of 64 and 2?
2
What is the highest common factor of 4655 and 7?
7
Calculate the highest common divisor of 136 and 11764.
68
What is the highest common factor of 5325 and 150?
75
Calculate the highest common factor of 7750 and 62.
62
Calculate the highest common divisor of 9 and 423.
9
Calculate the highest common divisor of 304 and 1292.
76
What is the greatest common divisor of 1 and 1197?
1
What is the highest common factor of 1672 and 792?
88
What is the highest common divisor of 156 and 728?
52
What is the highest common divisor of 210 and 182?
14
What is the greatest common factor of 168 and 5432?
56
What is the highest common divisor of 89280 and 320?
320
Calculate the greatest common divisor of 133 and 57.
19
Calculate the highest common factor of 437 and 190.
19
Calculate the greatest common divisor of 18 and 14.
2
What is the highest common divisor of 35 and 15?
5
What is the highest common factor of 8 and 1?
1
Calculate the highest common divisor of 249 and 3.
3
What is the highest common factor of 7740 and 18?
18
Calculate the highest common divisor of 512 and 2.
2
What is the greatest common factor of 322 and 5852?
14
What is the greatest common divisor of 3318 and 126?
42
Calculate the greatest common divisor of 420 and 224.
28
Calculate the highest common divisor of 1918 and 266.
14
Calculate the highest common factor of 507 and 78.
39
What is the greatest common factor of 7 and 25725?
7
What is the highest common divisor of 56 and 196?
28
What is the greatest common factor of 39 and 39?
39
Calculate the greatest common factor of 288 and 544.
32
What is the greatest common factor of 1017 and 9?
9
What is the greatest common divisor of 196 and 2499?
49
Calculate the greatest common divisor of 1577 and 361.
19
What is the highest common factor of 273 and 28?
7
Calculate the greatest common factor of 240 and 208.
16
Calculate the highest common divisor of 5 and 865.
5
What is the greatest common factor of 105 and 42?
21
Calculate the highest common factor of 73035 and 15.
15
What is the greatest common factor of 5620 and 20?
20
Calculate the greatest common divisor of 18015 and 30.
15
Calculate the highest common factor of 26 and 351.
13
Calculate the greatest common divisor of 684 and 180.
36
Calculate the highest common factor of 42 and 3402.
42
Calculate the greatest common factor of 800 and 25200.
400
What is the greatest common divisor of 10 and 14750?
10
What is the greatest common divisor of 2360 and 280?
40
Calculate the highest common divisor of 144 and 624.
48
What is the greatest common factor of 288 and 1332?
36
What is the greatest common factor of 1157 and 712?
89
What is the highest common factor of 6 and 1074?
6
What is the highest common factor of 22319 and 11?
11
Calculate the greatest common divisor of 732 and 84.
12
Calculate the highest common divisor of 189 and 231.
21
Calculate the greatest common factor of 55 and 1485.
55
Calculate the greatest common divisor of 125 and 14.
1
What is the highest common factor of 80667 and 9?
9
Calculate the greatest common divisor of 4779 and 162.
81
Calculate the greatest common divisor of 28 and 364.
28
Calculate the highest common factor of 83860 and 140.
140
What is the greatest common factor of 492 and 12?
12
Calculate the greatest common factor of 140 and 2030.
70
What is the highest common factor of 191 and 26549?
191
Calculate the highest common factor of 68 and 21233.
17
Calculate the greatest common factor of 24 and 1272.
24
What is the highest common divisor of 9 and 93?
3
What is the highest common divisor of 22820 and 14?
14
Calculate the greatest common factor of 858 and 132.
66
Calculate the highest common divisor of 3020 and 170.
10
What is the highest common factor of 918 and 72?
18
Calculate the highest common divisor of 9704 and 24.
8
What is the highest common factor of 273 and 147?
21
Calculate the highest common factor of 675 and 1134.
27
What is the highest common factor of 1159 and 114?
19
What is the greatest common divisor of 8 and 1228?
4
What is the highest common factor of 5 and 6910?
5
Calculate the greatest common factor of 16 and 2624.
16
Calculate the highest common factor of 2673 and 44.
11
Calculate the greatest common divisor of 3333 and 33.
33
What is the highest common divisor of 109 and 109?
109
What is the highest common divisor of 504 and 462?
42
What is the highest common divisor of 12 and 28440?
12
What is the highest common divisor of 374 and 34?
34
What is the greatest common divisor of 15 and 411?
3
What is the greatest common divisor of 3276 and 637?
91
What is the greatest common factor of 392 and 294?
98
What is the highest common divisor of 252 and 576?
36
What is the highest common factor of 4 and 149?
1
Calculate the greatest common factor of 76 and 589.
19
Calculate the highest common factor of 611 and 13.
13
Calculate the highest common factor of 125 and 2700.
25
What is the highest common divisor of 68 and 13?
1
Calculate the highest common factor of 288 and 3072.
96
What is the highest common factor of 497 and 42?
7
Calculate the highest common divisor of 722 and 494.
38
What is the highest common factor of 114 and 18?
6
Calculate the highest common divisor of 23 and 8.
1
What is the highest common factor of 295 and 23895?
295
What is the greatest common divisor of 2 and 74?
2
What is the highest common factor of 202 and 7373?
101
Calculate the highest common divisor of 17 and 425.
17
Calculate the greatest common factor of 825 and 385.
55
Calculate the highest common factor of 403 and 6727.
31
Calculate the greatest common divisor of 7820 and 140.
20
Calculate the highest common factor of 280 and 175.
35
Calculate th